nd g?
10
Suppose 6 = 3*u - 3. Suppose 0 = n + n + 4. Let j be 13 + (0 - (-4 - n)). What is the greatest common factor of j and u?
3
Suppose 0 = -2*j + 21 + 23. Suppose d - 3*d = -16. Suppose 2*n + d = f - n, 0 = -4*n - 8. What is the highest common factor of f and j?
2
Let b = -77 + 149. What is the greatest common factor of 8 and b?
8
Suppose 2*j - 79 = 29. Calculate the highest common factor of j and 2.
2
Let h be (-4)/6 - 26/(-3). Let d = 15 - h. What is the highest common divisor of 56 and d?
7
Suppose 0 = 4*y - 4, 0 = 3*r - 0*r + y - 16. Suppose -5*q = r*b - 120, 0 = b + 4*b + 2*q - 132. Calculate the highest common factor of b and 4.
4
Let b(u) = u**3 - 4*u**2 - 4*u - 9. Let q be b(6). What is the greatest common factor of 26 and q?
13
Let m = 18 - 17. Let j be m/((2/(-65))/(-2)). Calculate the greatest common factor of j and 26.
13
Suppose -3*f + 0*f + 15 = 0. Suppose -15 = f*c - 40. Let q(u) = 3*u - 2. Let o be q(c). What is the highest common factor of 143 and o?
13
Suppose 4*t - 2 = 2*t. Calculate the highest common divisor of 4 and t.
1
Let r = 146 - 1. What is the highest common factor of 58 and r?
29
Suppose 2*k - 62 = -4*z + 2*z, 0 = 3*k - 3. What is the highest common divisor of 30 and z?
30
Let z be ((-9)/12)/((-3)/12). Let c be -4*1/z*-6. Calculate the highest common factor of c and 32.
8
Let h be (-34 + 0)*(-1)/2. Calculate the greatest common divisor of 68 and h.
17
Suppose -7 = -5*f - 22, 0 = -5*g + 3*f + 669. Calculate the highest common divisor of g and 88.
44
Let f(d) = d**2 + 6*d + 6. Let v be f(-7). Let i(b) = 5*b**3 + b**2 - 4*b + 3. Let m be i(2). What is the highest common factor of v and m?
13
Suppose 155*p = 154*p + 72. What is the highest common factor of p and 48?
24
Let n(h) = -h**2 - 8*h - 5. Let x be n(-5). Suppose 0 = -5*m - 5*w + x, -w = -3 + 4. Calculate the highest common divisor of m and 15.
3
Suppose -5*a - 2 - 35 = -4*b, -4*b - 13 = 5*a. Suppose -2*n = -b*n + 14. What is the highest common divisor of n and 126?
14
Let n(y) = 11*y - 63. Let h be n(7). Let c(x) = -25*x + 4. Let o be c(-6). What is the highest common factor of o and h?
14
Let w = -41 - -67. Calculate the highest common divisor of 26 and w.
26
Let l be 2/(-18) + (-13423)/(-279). Calculate the highest common factor of 16 and l.
16
Let l = 11 - 7. Suppose 0 = -3*z - 4*w + 80, l*w = -z - 3*z + 100. Let y = -12 - -22. What is the greatest common divisor of z and y?
10
Let q be (-20)/15 - 19*8/(-6). Calculate the greatest common factor of 264 and q.
24
Let t = -4 - -6. Suppose -7*k + t*d + 28 = -2*k, 15 = 3*k - 3*d. What is the highest common divisor of k and 6?
6
Let c(n) = 6*n**2 - 8*n + 11. Let u be c(5). Calculate the highest common divisor of 11 and u.
11
Let n(f) be the third derivative of 9*f**6/40 - f**4/24 + f**3/6 + 4*f**2. Let r be n(1). What is the highest common factor of r and 18?
9
Let m be 2*(-8)/(-12)*39. What is the greatest common factor of m and 78?
26
Let a = -5 + 3. Let d be 2*(-59)/(-2) + a. Calculate the greatest common factor of d and 38.
19
Let j be -4 + 1425/27 + 4/18. What is the greatest common divisor of 7 and j?
7
Let s = 7 - 3. Let c be ((-6)/s)/(12/(-56)). Let z(t) = t**2 - 7*t + 10. Let d be z(c). What is the highest common factor of d and 60?
10
Let j(y) = y - 4. Let w be j(5). Let n = w - -4. Calculate the highest common factor of 10 and n.
5
Let i = -186 + 263. Let g be 129/12 + (-1)/(-4). What is the highest common factor of g and i?
11
Let g(k) be the first derivative of k**2 - k - 2. Let f be g(2). Let t = -3 + 4. Calculate the greatest common factor of f and t.
1
Suppose -h + 3 + 13 = -3*k, -2*h + 16 = 2*k. Calculate the greatest common divisor of h and 80.
10
Suppose n = 2*n + 2*q - 23, -2*q = -n + 3. Calculate the greatest common divisor of 13 and n.
13
Let l be 0 - (-2)/19 - (-31808)/1064. Suppose y - 42 = -3*c + 5*y, 0 = -5*c + y + 53. What is the greatest common divisor of c and l?
10
Suppose 0 = 2*m - 20 - 4. Calculate the greatest common factor of 60 and m.
12
Let c be (-23)/(-7) + 26/(-91). What is the highest common divisor of 5 and c?
1
Let z(m) = 2*m**2 - 4*m + 2. Let i be z(4). Suppose 2*l + 2*w - 5 = -3, 3*l - w + 9 = 0. Let t = 8 + l. Calculate the highest common divisor of t and i.
6
Suppose 2*i + 2*h - 8 = 0, i - 8 = -3*h - 2. Let x = 18 - i. What is the highest common factor of x and 135?
15
Suppose 2*o + 92 = 2*h - 2*o, 0 = 5*o + 25. Calculate the greatest common divisor of 12 and h.
12
Suppose 23*o = 25*o - 20. What is the highest common divisor of 4 and o?
2
Suppose 8 + 7 = 5*h. Let n = 11 - h. Calculate the greatest common factor of n and 80.
8
Suppose 3*i + 5*b = 6*i + 4, 4*b = 5*i - 2. Suppose -2*w = -i*l - 120, 5*l - 22 = -w + 8. Calculate the highest common factor of w and 11.
11
Let q be 556/9 + 16/72. Suppose 139 = 5*d - 3*a, 4*d - 4*a + 0*a = 116. Suppose -d = -4*i + q. Calculate the greatest common factor of 55 and i.
11
Let s = -36 - -46. Calculate the highest common divisor of 50 and s.
10
Suppose f = 4 - 1. What is the highest common factor of f and 12?
3
Let l = 2 + 2. What is the highest common divisor of l and 4?
4
Let w = -53 + 89. Let h be ((-3)/2)/((-1)/(-6)). Let u be (-47)/h - 8/w. What is the highest common divisor of 25 and u?
5
Suppose 0*t = 3*t. Suppose r - 3*r + 264 = t. Suppose 3*i = 8*i, r = 2*m + 2*i. Calculate the greatest common divisor of 6 and m.
6
Suppose 0 = 13*i + 13*i - 702. Let w(j) = 4*j + 2. Let t be w(4). What is the greatest common factor of t and i?
9
Suppose 2*a = -0*a + 3*j + 11, -a + 4*j = -13. What is the greatest common divisor of a and 1?
1
Suppose 3*p - 54 = 30. Let o = -9 + 17. Let g = 15 - o. Calculate the highest common factor of g and p.
7
Let z be 636/28 - 2/(-7). Calculate the greatest common divisor of 161 and z.
23
Suppose -3*i + 4*q = -79, -5*i = 3*q - 91 - 89. What is the highest common factor of 22 and i?
11
Let c = 194 + -106. What is the greatest common factor of c and 11?
11
Let b(g) be the third derivative of 2*g**2 + 0 + 0*g - 1/3*g**3 + 1/12*g**4. Let d be b(8). Calculate the greatest common divisor of 126 and d.
14
Suppose 15 = -5*b, -b - 510 = -5*q + 4*b. What is the greatest common factor of 11 and q?
11
Let j be (27/(-12))/(6/(-16)). What is the greatest common factor of 15 and j?
3
Let d(v) = 0*v**2 + 5*v**2 + 3*v + 0*v - 1. Let z = -23 + 25. Let r be d(z). What is the highest common divisor of r and 5?
5
Let c be (42/35)/((-2)/(-10)). Suppose -2*t - 292 = -c*t. Let n = t - 49. What is the highest common factor of 3 and n?
3
Suppose 5*o = 3*m - 14, 4*m - 10 = -o + 1. What is the highest common divisor of 15 and m?
3
Let z(h) = -2*h**3 - 3*h**2 - 3*h - 2. Let i be z(-4). What is the greatest common factor of i and 18?
18
Let g be -2*((-2)/(12/9) + -2). Suppose -3*j - 252 = -7*j. Calculate the highest common divisor of g and j.
7
Let t = 164 - 112. Suppose 2*r + t = 6*r. What is the greatest common divisor of r and 104?
13
Let t(b) = -2*b**2 + 9*b - 7. Let q be t(3). Let y be 2/(3/12*2). What is the highest common factor of q and y?
2
Suppose -2*b + 2*c = -0*c + 644, -c = 5*b + 1598. Let f be (9/2)/((-24)/b). What is the greatest common divisor of 12 and f?
12
Suppose 0 = 3*w + 2*t - 105 - 32, 24 = w + 5*t. Let d(v) = -2*v**3 - v**2 + 4*v + 3. Let z be d(-2). Calculate the greatest common factor of z and w.
7
Let s(q) = -9*q + 90. Let z be s(-7). Calculate the highest common factor of z and 17.
17
Suppose -w = 3, -4*a + 5*w - 32 = -83. What is the greatest common factor of a and 63?
9
Suppose 6*h - h = 170. Calculate the greatest common divisor of h and 51.
17
Let b = -4 - -76. Calculate the greatest common factor of b and 9.
9
Let v(u) = u**2 - 4*u + 8. Let w be v(4). Calculate the highest common divisor of w and 8.
8
Let m = -10 - -19. Calculate the highest common factor of m and 99.
9
Suppose 5*o = o + 12. Suppose -o*q + 17 = -4. Calculate the highest common factor of 21 and q.
7
Suppose -2*l + 2 = -2. Suppose -4*v - l*g = -80, v = -2*v - g + 60. What is the greatest common divisor of v and 180?
20
Let w be (-8)/3*6/(-4). Suppose 29 = 4*v - z - 35, -64 = -4*v - w*z. What is the highest common divisor of 40 and v?
8
Suppose -3*z - 60 = -4*n + n, 60 = 3*n - z. What is the greatest common factor of n and 100?
20